1136581 a composite number?
True
Is 30837091 prime?
False
Is 1952303 composite?
True
Is 907105 a prime number?
False
Is 213275461 a composite number?
True
Is 17839243 prime?
False
Is 620926927 composite?
False
Is 100521269 a prime number?
True
Is 19096521 a composite number?
True
Is 42098687 a composite number?
False
Is 10596478 composite?
True
Is 4086089 a prime number?
False
Is 425701 composite?
False
Is 748778143 prime?
True
Is 16837 a prime number?
False
Is 4965521 prime?
False
Is 1077919019 composite?
False
Is 52533251 a prime number?
False
Is 97023347 prime?
True
Is 3141394 composite?
True
Is 338417257 a prime number?
True
Is 29691073 composite?
False
Is 476280173 composite?
False
Is 34541939 composite?
False
Is 24303499 a composite number?
True
Is 2858161 a composite number?
False
Is 9253931 a prime number?
False
Is 8545217 a prime number?
True
Is 25333619 composite?
False
Is 8523197 a prime number?
False
Is 2839007 prime?
True
Is 58348127 a prime number?
True
Is 299884481 prime?
False
Is 3331213 a prime number?
False
Is 77201101 a prime number?
True
Is 3636427 a prime number?
True
Is 11847493 prime?
False
Is 1258273 a prime number?
False
Is 858497 composite?
False
Is 96766913 a composite number?
False
Is 122313899 a prime number?
True
Is 6720757 a prime number?
False
Is 394357637 composite?
True
Is 1282073 a prime number?
False
Is 13093631 composite?
True
Is 7671667 a composite number?
True
Is 55869007 prime?
True
Is 6838123 a prime number?
True
Is 137209 a prime number?
True
Is 13185827 a prime number?
True
Is 237401 a prime number?
True
Is 391583 a composite number?
True
Is 311254961 a composite number?
False
Is 114817889 prime?
False
Is 1778233 a prime number?
False
Is 770857 composite?
True
Is 214603 a prime number?
True
Is 39537107 a prime number?
True
Is 8736323 prime?
True
Is 235489 a prime number?
True
Is 176445821 composite?
True
Is 8896233 prime?
False
Is 37511603 a composite number?
False
Is 1008971 a composite number?
True
Is 34388677 a prime number?
True
Is 3565363 composite?
True
Is 6961849 prime?
True
Is 15121421 a prime number?
False
Is 47236199 a composite number?
True
Is 2568253 prime?
True
Is 15874689 a prime number?
False
Is 2745263 composite?
False
Is 25844281 a prime number?
True
Is 12417599 a prime number?
False
Is 199930007 prime?
False
Is 60423271 prime?
True
Is 142813603 a composite number?
True
Is 34656937 a composite number?
True
Is 26840599 composite?
False
Is 935899 a composite number?
False
Is 54673259 prime?
True
Is 920677 a composite number?
False
Is 13588061 prime?
True
Is 17788361 a composite number?
True
Is 113324353 a composite number?
False
Is 26183942 prime?
False
Is 7252303 prime?
True
Is 4639805 prime?
False
Is 38654711 prime?
True
Is 26069183 prime?
False
Is 10605223 composite?
True
Is 8679527 a composite number?
False
Is 560010899 a composite number?
True
Is 161138893 prime?
True
Is 1286939 a prime number?
True
Is 13503859 a prime number?
True
Is 5886697 a prime number?
False
Is 2462573 composite?
True
Is 96788731 a composite number?
True
Is 15939899 a prime number?
True
Is 3375811 a prime number?
True
Is 279375029 prime?
False
Is 18450947 a prime number?
True
Is 138372389 prime?
True
Is 23136023 prime?
False
Is 1802063 composite?
True
Is 67124737 prime?
False
Is 530124977 a composite number?
False
Is 1700789 a composite number?
True
Is 23825707 a prime number?
False
Is 3759199 prime?
True
Is 117992167 prime?
True
Is 25386847 a prime number?
False
Is 7808169 a prime number?
False
Is 2328941 composite?
False
Is 12939847 a prime number?
True
Is 1072987 prime?
False
Is 30923149 composite?
True
Is 4777922 a prime number?
False
Is 1852153 composite?
False
Is 7603759 prime?
False
Is 649997 prime?
False
Is 20906569 composite?
False
Is 18720761 a composite number?
False
Is 6749783 composite?
False
Is 1651493 a composite number?
False
Is 47744303 a composite number?
False
Is 41088647 a composite number?
False
Is 3497201 composite?
False
Is 175609127 composite?
False
Is 88231103 composite?
True
Is 44537057 prime?
False
Is 979691 a prime number?
True
Is 75667871 a composite number?
False
Is 768803 prime?
False
Is 37687049 a composite number?
True
Is 2863226 a prime number?
False
Is 11607109 prime?
False
Is 321547 composite?
False
Is 8177173 a prime number?
True
Is 36990439 composite?
False
Is 1823928187 composite?
False
Is 3053189 composite?
False
Is 1127617 composite?
False
Is 12688747 composite?
True
Is 216347 a prime number?
True
Is 1577489 composite?
False
Is 22266797 a composite number?
True
Is 92488481 a prime number?
True
Is 1899949 composite?
False
Is 3866693 a prime number?
False
Is 22723693 prime?
True
Is 5413333 a prime number?
True
Is 65574161 composite?
False
Is 3991127 a prime number?
False
Is 4769129 a prime number?
False
Is 8706749 a composite number?
True
Is 15493729 prime?
False
Is 89222071 a composite number?
False
Is 3028913 a prime number?
True
Is 52194521 composite?
True
Is 251768339 a composite number?
True
Is 25557481 a composite number?
True
Is 141529 a prime number?
True
Is 5429471 composite?
False
Is 5673757 a prime number?
True
Is 20008673 a composite number?
True
Is 217747911 a composite number?
True
Is 493709 prime?
True
Is 40814678 a prime number?
False
Is 3219277 a composite number?
True
Is 33516667 composite?
False
Is 32890931 composite?
False
Is 12883337 prime?
False
Is 23008385 composite?
True
Is 40677433 a prime number?
True
Is 216677785 a prime number?
False
Is 43275821 a composite number?
False
Is 875047 a composite number?
True
Is 21092899 prime?
False
Is 3185461 composite?
False
Is 17051651 prime?
True
Is 47416463 a composite number?
False
Is 20905711 composite?
False
Is 115032046 a composite number?
True
Is 2197241 composite?
False
Is 118745977 a composite number?
True
Is 108124849 a composite number?
True
Is 1234231 a composite number?
False
Is 8323151 a composite number?
False
Is 87086387 prime?
True
Is 75070651 a prime number?
True
Is 286448527 a prime number?
True
Is 213143 composite?
True
Is 28867939 prime?
True
Is 5498707 a composite number?
False
Is 1232831 prime?
True
Is 113489 composite?
False
Is 733793 a prime number?
True
Is 11844343 prime?
False
Is 330013667 a prime number?
True
Is 1029111 prime?
False
Is 133355507 a composite number?
False
Is 101420269 composite?
True
Is 3838879 composite?
True
Is 742847 composite?
True
Is 41325743 a composite number?
True
Is 45767881 a composite number?
False
Is 6760471 a prime number?
True
Is 4679297 prime?
False
Is 726122303 a composite number?
True
Is 798871 a prime number?
True
Is 202306891 prime?
True
Is 10782179 a composite number?
False
Is 2045419 a composite number?
True
Is 38589703 a composite number?
True
Is 73270331 prime?
True
Is 47221 a prime number?
True
Is 619269551 a prime number?
False
Is 94881887 a composite number?
False
Is 1938635 a composite number?
True
Is 13975483 a prime number?
True
Is 271711813 prime?
True
Is 85751 composite?
False
Is 12970513 composite?
True
Is 81334829 composite?
False
Is 23664143 a prime number?
True
Is 57026303 a composite number?
False
Is 604619 prime?
True
Is 5188763 a prime number?
True
Is 1338637 prime?
True
Is 167755931 a composite number?
True
Is 2915093 composite?
False
Is 5646107 composite?
False
Is 16811819 prime?
False
Is 2901505 prime?
False
Is 48381143 prime?
True
Is 2869507 a prime number?
False
Is 17618815 a composite number?
True
Is 2008603 prime?
False
Is 14898371 a prime number?
True
Is 254747 a composite number?
False
Is 126678313 composite?
False
Is 12565765 a prime number?
False
Is 24417403 prime?
True
Is 559363271 composite?
False
Is 83783 a prime number?
False
Is 52228811 a prime number?
False
Is 608239921 composite?
False
Is 439657 a prime number?
False
Is 2692219 composite?
True
Is 387606959 composite?
False
Is 3485707 prime?
False
Is 894371 a composite number?
False
Is 158591926 prime?
False
Is 29304767 a composite number?
True
Is 135270467 a composite number?
False
Is 1002439517 a prime number?
False
Is 863177 a composite number?
True
Is 1014451 prime?
True
Is 39349717 a composite number?
True
Is 42846541 a composite number?
False
Is 6580549 prime?
False
Is 1726105 composite?
True
Is 56591669 a composite number?
False
Is 215915321 prime?
Fa